{"id":6834,"date":"2025-03-06T02:13:57","date_gmt":"2025-03-06T01:13:57","guid":{"rendered":"https:\/\/proyectos.holistica.co\/comasud\/?page_id=6834"},"modified":"2025-06-12T12:34:11","modified_gmt":"2025-06-12T10:34:11","slug":"elementor-6834","status":"publish","type":"page","link":"https:\/\/comasud.org\/index.php\/elementor-6834\/","title":{"rendered":"Qui\u00e9nes somos"},"content":{"rendered":"\t\t<div data-elementor-type=\"wp-page\" data-elementor-id=\"6834\" class=\"elementor elementor-6834\" data-elementor-post-type=\"page\">\n\t\t\t\t<div class=\"elementor-element elementor-element-38c3ba3 e-flex e-con-boxed e-con e-parent\" data-id=\"38c3ba3\" data-element_type=\"container\" data-e-type=\"container\">\n\t\t\t\t\t<div class=\"e-con-inner\">\n\t\t\t\t<div class=\"elementor-element elementor-element-2838111 elementor-widget__width-inherit elementor-widget-mobile__width-initial elementor-widget elementor-widget-text-editor\" data-id=\"2838111\" data-element_type=\"widget\" data-e-type=\"widget\" data-widget_type=\"text-editor.default\">\n\t\t\t\t<div class=\"elementor-widget-container\">\n\t\t\t\t\t\t\t\t\t<h4 style=\"margin-bottom: 20px; text-align: justify;\"><span style=\"color: #ffffff;\">La\u00a0<strong>CONFEDERACI\u00d3N MAS\u00d3NICA SUDAMERICANA (COMASUD)<\/strong>\u00a0es una organizaci\u00f3n regional mas\u00f3nica sin fines de lucro, que agrupa a Potencias mas\u00f3nicas regulares (Grandes Logias y Grandes Orientes) instaladas en pa\u00edses de Am\u00e9rica del Sur, miembros de la CONFEDERACI\u00d3N MAS\u00d3NICA INTERAMERICANA (CMI), que se identifican con el ideario mas\u00f3nico y los principios de regularidad admitidos por la Masoner\u00eda Universal.<\/span><\/h4>\t\t\t\t\t\t\t\t<\/div>\n\t\t\t\t<\/div>\n\t\t\t\t<div class=\"elementor-element elementor-element-64daa09 elementor-widget-mobile__width-initial elementor-widget elementor-widget-image\" data-id=\"64daa09\" data-element_type=\"widget\" data-e-type=\"widget\" data-widget_type=\"image.default\">\n\t\t\t\t<div class=\"elementor-widget-container\">\n\t\t\t\t\t\t\t\t\t\t\t\t\t\t\t<img fetchpriority=\"high\" decoding=\"async\" width=\"768\" height=\"764\" src=\"https:\/\/comasud.org\/wp-content\/uploads\/2025\/03\/Logotipo-COMASUD-768x764.png\" class=\"attachment-medium_large size-medium_large wp-image-7018\" alt=\"\" srcset=\"https:\/\/comasud.org\/wp-content\/uploads\/2025\/03\/Logotipo-COMASUD-768x764.png 768w, https:\/\/comasud.org\/wp-content\/uploads\/2025\/03\/Logotipo-COMASUD-150x150.png 150w, https:\/\/comasud.org\/wp-content\/uploads\/2025\/03\/Logotipo-COMASUD.png 800w\" sizes=\"(max-width: 768px) 100vw, 768px\" \/>\t\t\t\t\t\t\t\t\t\t\t\t\t\t\t<\/div>\n\t\t\t\t<\/div>\n\t\t\t\t\t<\/div>\n\t\t\t\t<\/div>\n\t\t<div class=\"elementor-element elementor-element-60cf28d e-con-full e-flex e-con e-parent\" data-id=\"60cf28d\" data-element_type=\"container\" data-e-type=\"container\">\n\t\t\t\t<div class=\"elementor-element elementor-element-79b7b21 elementor-widget__width-initial elementor-widget elementor-widget-text-editor\" data-id=\"79b7b21\" data-element_type=\"widget\" data-e-type=\"widget\" data-widget_type=\"text-editor.default\">\n\t\t\t\t<div class=\"elementor-widget-container\">\n\t\t\t\t\t\t\t\t\t<p>\u00a0<\/p><h3><span style=\"color: #68c3b7;\">OBJETIVOS<\/span><\/h3><p><strong><span style=\"color: #000000;\">La COMASUD tiene los siguientes objetivos:<\/span><\/strong><\/p><p>\u00a0<\/p><p><span style=\"color: #000000;\"><span style=\"color: #68c3b7;\">a)<\/span> Ser los constructores y guardianes de una CMI vigorosa, desarrollada y humanista.<br \/><\/span><br \/><span style=\"color: #000000;\"><span style=\"color: #68c3b7;\">b)<\/span> Coordinar la acci\u00f3n de sus miembros desde una perspectiva que aborde la realidad com\u00fan sudamericana, procurando soluciones consensuadas que reflejen las necesidades y aspiraciones de todas las Potencias confederadas en las siguientes materias:<\/span><\/p><p style=\"padding-left: 40px;\"><span style=\"color: #000000;\">\u2022 Educaci\u00f3n e instrucci\u00f3n.<\/span><br \/><span style=\"color: #000000;\">\u2022 Defensa de los derechos humanos.<\/span><br \/><span style=\"color: #000000;\">\u2022 Cuidado del medio ambiente.<\/span><br \/><span style=\"color: #000000;\">\u2022 Emprendimientos.<\/span><br \/><span style=\"color: #000000;\">\u2022 Desarrollo personal y comunitario.<\/span><br \/><span style=\"color: #000000;\">\u2022 Promoci\u00f3n de la fraternidad y difusi\u00f3n de valores.<\/span><br \/><span style=\"color: #000000;\">\u2022 Intercambio e integraci\u00f3n cultural.<\/span><br \/><span style=\"color: #000000;\">\u2022 Acci\u00f3n filantr\u00f3pica.<\/span><br \/><span style=\"color: #000000;\">\u2022 Percepci\u00f3n p\u00fablica y visi\u00f3n positiva.<\/span><br \/><span style=\"color: #000000;\">\u2022 Tecnolog\u00eda e innovaci\u00f3n administrativa.<\/span><br \/><span style=\"color: #000000;\">\u2022 Desaf\u00edos \u00e9ticos.<\/span><br \/><span style=\"color: #000000;\">\u2022 Incorporaci\u00f3n e integraci\u00f3n de nuevas generaciones.<\/span><br \/><span style=\"color: #000000;\">\u2022 Defensa de la paz, de la libertad, de la igualdad, de la solidaridad y de la justicia.<\/span><br \/><span style=\"color: #000000;\">\u2022 Integraci\u00f3n multilateral en todas las \u00e1reas.<\/span><br \/><span style=\"color: #000000;\">\u2022 Cualquier otra tem\u00e1tica de inter\u00e9s para las Potencias confederadas.<\/span><\/p><p><span style=\"color: #000000;\"><span style=\"color: #68c3b7;\">c)<\/span> Preservar la unidad y el entendimiento de la Masoner\u00eda Simb\u00f3lica regular en Am\u00e9rica del Sur.<br \/><\/span><br \/><span style=\"color: #000000;\"><span style=\"color: #68c3b7;\">d)<\/span> Equilibrar y dignificar la participaci\u00f3n institucional de los pa\u00edses donde se encuentran instaladas las Potencias confederadas a trav\u00e9s del principio: \u201cun pa\u00eds, un voto\u201d.<br \/><\/span><br \/><span style=\"color: #000000;\"><span style=\"color: #68c3b7;\">e)<\/span> Intensificar los esfuerzos para consolidar el pensamiento integracionista en Sudam\u00e9rica y el afianzamiento de las relaciones multilaterales de toda \u00edndole.<br \/><\/span><br \/><span style=\"color: #000000;\"><span style=\"color: #68c3b7;\">f)<\/span> Promover la unidad y la colaboraci\u00f3n rec\u00edproca entre todas las Potencias confederadas y entre las dem\u00e1s integrantes de la CMI, fomentando el prestigio integral de la Masoner\u00eda Simb\u00f3lica regular.<br \/><\/span><br \/><span style=\"color: #000000;\"><span style=\"color: #68c3b7;\">g)<\/span> Promover una postura activa de defensa ante la influencia y las acciones de organizaciones irregulares que amenacen la territorialidad, la soberan\u00eda y los derechos de las Potencias confederadas.<br \/><\/span><br \/><span style=\"color: #000000;\"><span style=\"color: #68c3b7;\">h)<\/span> Explorar alternativas para la soluci\u00f3n de conflictos mas\u00f3nicos, respetando el principio de territorialidad y la soberan\u00eda de las Potencias confederadas.<br \/><\/span><br \/><span style=\"color: #000000;\"><span style=\"color: #68c3b7;\">i)<\/span> Respetar la vocaci\u00f3n unitarista o federalista de las Potencias mas\u00f3nicas regulares seg\u00fan la constituci\u00f3n de los pa\u00edses donde estuviesen instaladas y\/o su propia autodeterminaci\u00f3n.<br \/><\/span><br \/><span style=\"color: #000000;\"><span style=\"color: #68c3b7;\">j)<\/span> Propiciar la creaci\u00f3n y\/o instalaci\u00f3n de entidades paramas\u00f3nicas, culturales y humanitarias, cuyos fines y objetivos sean consecuentes con los objetivos de la COMASUD.<br \/><\/span><br \/><span style=\"color: #000000;\"><span style=\"color: #68c3b7;\">k)<\/span> Sentar las bases para una educaci\u00f3n mas\u00f3nica con bases comunes, que permita al mas\u00f3n auto superarse e impactar positivamente en los c\u00edrculos sociales que integra.<\/span><\/p><p><span style=\"color: #000000;\"><span style=\"color: #68c3b7;\">l)<\/span> Promover la influencia constructiva de la Masoner\u00eda en los distintos \u00e1mbitos p\u00fablicos y privados de los pa\u00edses donde estuviesen instaladas las Potencias confederadas, para contribuir con el bienestar colectivo y el progreso de sociedades m\u00e1s justas y equilibradas.<br \/><\/span><br \/><span style=\"color: #000000;\"><span style=\"color: #68c3b7;\">m)<\/span> Bregar por la observancia de los Antiguos Linderos, tradiciones, usos y costumbres de la Masoner\u00eda Universal en el seno de las Potencias confederadas.<\/span><\/p><p>\u00a0<\/p><p>\u00a0<\/p>\t\t\t\t\t\t\t\t<\/div>\n\t\t\t\t<\/div>\n\t\t\t\t<\/div>\n\t\t\t\t<\/div>\n\t\t","protected":false},"excerpt":{"rendered":"<p>La\u00a0CONFEDERACI\u00d3N MAS\u00d3NICA SUDAMERICANA (COMASUD)\u00a0es una organizaci\u00f3n regional mas\u00f3nica sin fines de lucro, que agrupa a Potencias mas\u00f3nicas regulares (Grandes Logias y Grandes Orientes) instaladas en pa\u00edses de Am\u00e9rica del Sur, miembros de la CONFEDERACI\u00d3N MAS\u00d3NICA INTERAMERICANA (CMI), que se identifican con el ideario mas\u00f3nico y los principios de regularidad admitidos por la Masoner\u00eda Universal. \u00a0&hellip;<\/p>\n","protected":false},"author":1,"featured_media":6749,"parent":0,"menu_order":0,"comment_status":"closed","ping_status":"closed","template":"","meta":{"footnotes":""},"class_list":["post-6834","page","type-page","status-publish","has-post-thumbnail","hentry"],"_links":{"self":[{"href":"https:\/\/comasud.org\/index.php\/wp-json\/wp\/v2\/pages\/6834","targetHints":{"allow":["GET"]}}],"collection":[{"href":"https:\/\/comasud.org\/index.php\/wp-json\/wp\/v2\/pages"}],"about":[{"href":"https:\/\/comasud.org\/index.php\/wp-json\/wp\/v2\/types\/page"}],"author":[{"embeddable":true,"href":"https:\/\/comasud.org\/index.php\/wp-json\/wp\/v2\/users\/1"}],"replies":[{"embeddable":true,"href":"https:\/\/comasud.org\/index.php\/wp-json\/wp\/v2\/comments?post=6834"}],"version-history":[{"count":89,"href":"https:\/\/comasud.org\/index.php\/wp-json\/wp\/v2\/pages\/6834\/revisions"}],"predecessor-version":[{"id":7452,"href":"https:\/\/comasud.org\/index.php\/wp-json\/wp\/v2\/pages\/6834\/revisions\/7452"}],"wp:featuredmedia":[{"embeddable":true,"href":"https:\/\/comasud.org\/index.php\/wp-json\/wp\/v2\/media\/6749"}],"wp:attachment":[{"href":"https:\/\/comasud.org\/index.php\/wp-json\/wp\/v2\/media?parent=6834"}],"curies":[{"name":"wp","href":"https:\/\/api.w.org\/{rel}","templated":true}]}}